{"id":106,"date":"2021-07-06T18:13:37","date_gmt":"2021-07-06T18:13:37","guid":{"rendered":"http:\/\/s877794110.online.de\/?page_id=106"},"modified":"2022-03-12T13:30:30","modified_gmt":"2022-03-12T12:30:30","slug":"berichte","status":"publish","type":"page","link":"https:\/\/hegering-everswinkel.de\/index.php\/berichte\/","title":{"rendered":"Berichte"},"content":{"rendered":"<div class=\"wp-block-material-posts-list alignwide\">\n<div class=\"mdc-layout-grid layout-grid \">\n\t<div class=\"mdc-layout-grid__inner\">\n\t\t\n\t\t\t\n\t\t\t\t\n<div class=\"mdc-layout-grid__cell--span-6\">\n\t<div class=\"single-post-card single-post-basic mdc-card single-post-card__grid mdc-card--\">\n\t\t<a class=\"mdc-card__link\" href=\"https:\/\/hegering-everswinkel.de\/index.php\/2026\/04\/12\/jahreshauptversammlung-2026\/\">\n\t\t\t<div class=\"mdc-card__primary-action single-post-card__primary-action\">\n\t\t\t\t\n<div class=\"single-post-card__primary\">\n\t<h2 class=\"single-post-card__title title-large\">\n\t\t<div>Jahreshauptversammlung 2026<\/div>\n\t<\/h2>\n\n\t\t\t<h3 class=\"single-post-card__subtitle label-small\">\n\t\t\t<time>\n\t\t\t12.04.2026\t\t\t<\/time>\n\t\t<\/h3>\n\t<\/div> <!-- single-post-card__primary -->\n\t<div class=\"single-post-card__secondary body-medium single-post-card__secondary-text-above-media\">\n\t\t<p>\n\t\t\tEverswinkel, 22.&nbsp;M\u00e4rz 2026&nbsp;\u2013&nbsp;Zahlreiche Mitglieder&nbsp;erschienen am Sonntag zur&nbsp;74. Jahreshauptversammlung&nbsp;des Hegerings&nbsp;Everswinkel im Gasthof Diepenbrock,&nbsp;um auf das vergangene Jagdjahr zur\u00fcckzublicken und einen Ausblick [&hellip;]\t\t<\/p>\n\t<\/div> <!-- single-post-card__secondary -->\n\n\t\t\t<\/div> <!-- mdc-card__primary-action -->\n\t\t<\/a> <!-- mdc-card__link -->\n\n\t\t\n\t<\/div> <!-- single-post-card -->\n<\/div> <!-- mdc-layout-grid__cell--span-12 -->\n\n\t\t\t\n\t\t\t\t\n<div class=\"mdc-layout-grid__cell--span-6\">\n\t<div class=\"single-post-card single-post-basic mdc-card single-post-card__grid mdc-card-- has-post-thumbnail\">\n\t\t<a class=\"mdc-card__link\" href=\"https:\/\/hegering-everswinkel.de\/index.php\/2026\/03\/07\/zahlreiche-helfer-befreien-wege-und-felder-von-muell\/\">\n\t\t\t<div class=\"mdc-card__primary-action single-post-card__primary-action\">\n\t\t\t\t\n<div class=\"single-post-card__primary\">\n\t<h2 class=\"single-post-card__title title-large\">\n\t\t<div>Zahlreiche Helfer befreien Wege und Felder von M\u00fcll<\/div>\n\t<\/h2>\n\n\t\t\t<h3 class=\"single-post-card__subtitle label-small\">\n\t\t\t<time>\n\t\t\t07.03.2026\t\t\t<\/time>\n\t\t<\/h3>\n\t<\/div> <!-- single-post-card__primary -->\n\t<div class=\"mdc-card__media single-post-card__media mdc-card__media--16-9 single-post-card-with-text-above-media\">\n\t\t<img loading=\"lazy\" decoding=\"async\" width=\"700\" height=\"933\" src=\"https:\/\/hegering-everswinkel.de\/wp-content\/uploads\/2026\/03\/IMG-20260307-WA0043-768x1024.jpg\" class=\"attachment-large size-large wp-post-image\" alt=\"\" srcset=\"https:\/\/hegering-everswinkel.de\/wp-content\/uploads\/2026\/03\/IMG-20260307-WA0043-768x1024.jpg 768w, https:\/\/hegering-everswinkel.de\/wp-content\/uploads\/2026\/03\/IMG-20260307-WA0043-225x300.jpg 225w, https:\/\/hegering-everswinkel.de\/wp-content\/uploads\/2026\/03\/IMG-20260307-WA0043-1152x1536.jpg 1152w, https:\/\/hegering-everswinkel.de\/wp-content\/uploads\/2026\/03\/IMG-20260307-WA0043.jpg 1200w\" sizes=\"auto, (max-width: 700px) 100vw, 700px\" \/>\t\t\t<\/div> <!-- mdc-card__media -->\n\t<div class=\"single-post-card__secondary body-medium single-post-card__secondary-text-above-media\">\n\t\t<p>\n\t\t\tZahlreiche freiwillige Helfer sind am Samstag zur M\u00fcllsammelaktion in Everswinkel zusammengekommen. Bei fr\u00fchlingshaftem Wetter machten sich die Teilnehmer daran, Stra\u00dfenr\u00e4nder, [&hellip;]\t\t<\/p>\n\t<\/div> <!-- single-post-card__secondary -->\n\n\t\t\t<\/div> <!-- mdc-card__primary-action -->\n\t\t<\/a> <!-- mdc-card__link -->\n\n\t\t\n\t<\/div> <!-- single-post-card -->\n<\/div> <!-- mdc-layout-grid__cell--span-12 -->\n\n\t\t\t\n\t\t\t\t\n<div class=\"mdc-layout-grid__cell--span-6\">\n\t<div class=\"single-post-card single-post-basic mdc-card single-post-card__grid mdc-card--\">\n\t\t<a class=\"mdc-card__link\" href=\"https:\/\/hegering-everswinkel.de\/index.php\/2026\/02\/16\/taubentage-2026\/\">\n\t\t\t<div class=\"mdc-card__primary-action single-post-card__primary-action\">\n\t\t\t\t\n<div class=\"single-post-card__primary\">\n\t<h2 class=\"single-post-card__title title-large\">\n\t\t<div>Taubentage 2026<\/div>\n\t<\/h2>\n\n\t\t\t<h3 class=\"single-post-card__subtitle label-small\">\n\t\t\t<time>\n\t\t\t16.02.2026\t\t\t<\/time>\n\t\t<\/h3>\n\t<\/div> <!-- single-post-card__primary -->\n\t<div class=\"single-post-card__secondary body-medium single-post-card__secondary-text-above-media\">\n\t\t<p>\n\t\t\tR\u00fcckblick auf zwei erfolgreiche Taubentage An den vergangenen beiden Wochenenden fanden unsere diesj\u00e4hrigen Taubentage mit sehr guter Beteiligung statt. Viele [&hellip;]\t\t<\/p>\n\t<\/div> <!-- single-post-card__secondary -->\n\n\t\t\t<\/div> <!-- mdc-card__primary-action -->\n\t\t<\/a> <!-- mdc-card__link -->\n\n\t\t\n\t<\/div> <!-- single-post-card -->\n<\/div> <!-- mdc-layout-grid__cell--span-12 -->\n\n\t\t\t\n\t\t\t\t\n<div class=\"mdc-layout-grid__cell--span-6\">\n\t<div class=\"single-post-card single-post-basic mdc-card single-post-card__grid mdc-card-- has-post-thumbnail\">\n\t\t<a class=\"mdc-card__link\" href=\"https:\/\/hegering-everswinkel.de\/index.php\/2026\/01\/28\/hegering-everswinkel-besuchte-jagd-hund-in-dortmund-2\/\">\n\t\t\t<div class=\"mdc-card__primary-action single-post-card__primary-action\">\n\t\t\t\t\n<div class=\"single-post-card__primary\">\n\t<h2 class=\"single-post-card__title title-large\">\n\t\t<div>Hegering Everswinkel besuchte \u201eJagd &amp; Hund\u201c in Dortmund<\/div>\n\t<\/h2>\n\n\t\t\t<h3 class=\"single-post-card__subtitle label-small\">\n\t\t\t<time>\n\t\t\t28.01.2026\t\t\t<\/time>\n\t\t<\/h3>\n\t<\/div> <!-- single-post-card__primary -->\n\t<div class=\"mdc-card__media single-post-card__media mdc-card__media--16-9 single-post-card-with-text-above-media\">\n\t\t<img loading=\"lazy\" decoding=\"async\" width=\"700\" height=\"525\" src=\"https:\/\/hegering-everswinkel.de\/wp-content\/uploads\/2026\/02\/IMG-20260204-WA0002-1024x768.jpg\" class=\"attachment-large size-large wp-post-image\" alt=\"\" srcset=\"https:\/\/hegering-everswinkel.de\/wp-content\/uploads\/2026\/02\/IMG-20260204-WA0002-1024x768.jpg 1024w, https:\/\/hegering-everswinkel.de\/wp-content\/uploads\/2026\/02\/IMG-20260204-WA0002-300x225.jpg 300w, https:\/\/hegering-everswinkel.de\/wp-content\/uploads\/2026\/02\/IMG-20260204-WA0002-768x576.jpg 768w, https:\/\/hegering-everswinkel.de\/wp-content\/uploads\/2026\/02\/IMG-20260204-WA0002-1536x1152.jpg 1536w, https:\/\/hegering-everswinkel.de\/wp-content\/uploads\/2026\/02\/IMG-20260204-WA0002.jpg 1600w\" sizes=\"auto, (max-width: 700px) 100vw, 700px\" \/>\t\t\t<\/div> <!-- mdc-card__media -->\n\t<div class=\"single-post-card__secondary body-medium single-post-card__secondary-text-above-media\">\n\t\t<p>\n\t\t\tEverswinkel &#8211; Mit insgesamt 30 Teilnehmerinnen und Teilnehmern machte sich der Hegering Everswinkel am 28. Januar 2026 um 8.15 Uhr [&hellip;]\t\t<\/p>\n\t<\/div> <!-- single-post-card__secondary -->\n\n\t\t\t<\/div> <!-- mdc-card__primary-action -->\n\t\t<\/a> <!-- mdc-card__link -->\n\n\t\t\n\t<\/div> <!-- single-post-card -->\n<\/div> <!-- mdc-layout-grid__cell--span-12 -->\n\n\t\t\t\n\t\t\t\t\n<div class=\"mdc-layout-grid__cell--span-6\">\n\t<div class=\"single-post-card single-post-basic mdc-card single-post-card__grid mdc-card-- has-post-thumbnail\">\n\t\t<a class=\"mdc-card__link\" href=\"https:\/\/hegering-everswinkel.de\/index.php\/2026\/01\/13\/fuchsfruehstueck-auf-dem-hof-deckenbrock\/\">\n\t\t\t<div class=\"mdc-card__primary-action single-post-card__primary-action\">\n\t\t\t\t\n<div class=\"single-post-card__primary\">\n\t<h2 class=\"single-post-card__title title-large\">\n\t\t<div>Fuchsfr\u00fchst\u00fcck auf dem Hof Deckenbrock<\/div>\n\t<\/h2>\n\n\t\t\t<h3 class=\"single-post-card__subtitle label-small\">\n\t\t\t<time>\n\t\t\t13.01.2026\t\t\t<\/time>\n\t\t<\/h3>\n\t<\/div> <!-- single-post-card__primary -->\n\t<div class=\"mdc-card__media single-post-card__media mdc-card__media--16-9 single-post-card-with-text-above-media\">\n\t\t<img loading=\"lazy\" decoding=\"async\" width=\"700\" height=\"525\" src=\"https:\/\/hegering-everswinkel.de\/wp-content\/uploads\/2026\/01\/efe13504-868c-4886-83b7-b60284ef1260-1024x768.jpeg\" class=\"attachment-large size-large wp-post-image\" alt=\"\" srcset=\"https:\/\/hegering-everswinkel.de\/wp-content\/uploads\/2026\/01\/efe13504-868c-4886-83b7-b60284ef1260-1024x768.jpeg 1024w, https:\/\/hegering-everswinkel.de\/wp-content\/uploads\/2026\/01\/efe13504-868c-4886-83b7-b60284ef1260-300x225.jpeg 300w, https:\/\/hegering-everswinkel.de\/wp-content\/uploads\/2026\/01\/efe13504-868c-4886-83b7-b60284ef1260-768x576.jpeg 768w, https:\/\/hegering-everswinkel.de\/wp-content\/uploads\/2026\/01\/efe13504-868c-4886-83b7-b60284ef1260-1536x1152.jpeg 1536w, https:\/\/hegering-everswinkel.de\/wp-content\/uploads\/2026\/01\/efe13504-868c-4886-83b7-b60284ef1260.jpeg 1600w\" sizes=\"auto, (max-width: 700px) 100vw, 700px\" \/>\t\t\t<\/div> <!-- mdc-card__media -->\n\t<div class=\"single-post-card__secondary body-medium single-post-card__secondary-text-above-media\">\n\t\t<p>\n\t\t\tAm 11. Januar 2026 fand auf dem Hof Deckenbrock das allj\u00e4hrliche Fuchsfr\u00fchst\u00fcck statt. Rund 30 Mitglieder folgten der Einladung und [&hellip;]\t\t<\/p>\n\t<\/div> <!-- single-post-card__secondary -->\n\n\t\t\t<\/div> <!-- mdc-card__primary-action -->\n\t\t<\/a> <!-- mdc-card__link -->\n\n\t\t\n\t<\/div> <!-- single-post-card -->\n<\/div> <!-- mdc-layout-grid__cell--span-12 -->\n\n\t\t\t\n\t\t\t\t\n<div class=\"mdc-layout-grid__cell--span-6\">\n\t<div class=\"single-post-card single-post-basic mdc-card single-post-card__grid mdc-card-- has-post-thumbnail\">\n\t\t<a class=\"mdc-card__link\" href=\"https:\/\/hegering-everswinkel.de\/index.php\/2025\/10\/13\/hundeuebungstag-des-hegering-everswinkel\/\">\n\t\t\t<div class=\"mdc-card__primary-action single-post-card__primary-action\">\n\t\t\t\t\n<div class=\"single-post-card__primary\">\n\t<h2 class=\"single-post-card__title title-large\">\n\t\t<div>Hunde\u00fcbungstag des Hegering Everswinkel<\/div>\n\t<\/h2>\n\n\t\t\t<h3 class=\"single-post-card__subtitle label-small\">\n\t\t\t<time>\n\t\t\t13.10.2025\t\t\t<\/time>\n\t\t<\/h3>\n\t<\/div> <!-- single-post-card__primary -->\n\t<div class=\"mdc-card__media single-post-card__media mdc-card__media--16-9 single-post-card-with-text-above-media\">\n\t\t<img loading=\"lazy\" decoding=\"async\" width=\"700\" height=\"525\" src=\"https:\/\/hegering-everswinkel.de\/wp-content\/uploads\/2025\/10\/IMG_9607-1024x768.jpg\" class=\"attachment-large size-large wp-post-image\" alt=\"\" srcset=\"https:\/\/hegering-everswinkel.de\/wp-content\/uploads\/2025\/10\/IMG_9607-1024x768.jpg 1024w, https:\/\/hegering-everswinkel.de\/wp-content\/uploads\/2025\/10\/IMG_9607-300x225.jpg 300w, https:\/\/hegering-everswinkel.de\/wp-content\/uploads\/2025\/10\/IMG_9607-768x576.jpg 768w, https:\/\/hegering-everswinkel.de\/wp-content\/uploads\/2025\/10\/IMG_9607-1536x1152.jpg 1536w, https:\/\/hegering-everswinkel.de\/wp-content\/uploads\/2025\/10\/IMG_9607-2048x1536.jpg 2048w\" sizes=\"auto, (max-width: 700px) 100vw, 700px\" \/>\t\t\t<\/div> <!-- mdc-card__media -->\n\t<div class=\"single-post-card__secondary body-medium single-post-card__secondary-text-above-media\">\n\t\t<p>\n\t\t\tHeute fand der Hunde\u00fcbungstag des Hegering Everswinkel statt. Zehn Gespanne konnten in verschiedenen jagdlichen \u00dcbungen ihr K\u00f6nnen unter Beweis stellen [&hellip;]\t\t<\/p>\n\t<\/div> <!-- single-post-card__secondary -->\n\n\t\t\t<\/div> <!-- mdc-card__primary-action -->\n\t\t<\/a> <!-- mdc-card__link -->\n\n\t\t\n\t<\/div> <!-- single-post-card -->\n<\/div> <!-- mdc-layout-grid__cell--span-12 -->\n\n\t\t\t\n\t\t\t\t\n<div class=\"mdc-layout-grid__cell--span-6\">\n\t<div class=\"single-post-card single-post-basic mdc-card single-post-card__grid mdc-card-- has-post-thumbnail\">\n\t\t<a class=\"mdc-card__link\" href=\"https:\/\/hegering-everswinkel.de\/index.php\/2025\/08\/24\/hegering-everswinkel-feiert-75-jaehriges-bestehen\/\">\n\t\t\t<div class=\"mdc-card__primary-action single-post-card__primary-action\">\n\t\t\t\t\n<div class=\"single-post-card__primary\">\n\t<h2 class=\"single-post-card__title title-large\">\n\t\t<div>Hegering Everswinkel feiert 75-j\u00e4hriges Bestehen<\/div>\n\t<\/h2>\n\n\t\t\t<h3 class=\"single-post-card__subtitle label-small\">\n\t\t\t<time>\n\t\t\t24.08.2025\t\t\t<\/time>\n\t\t<\/h3>\n\t<\/div> <!-- single-post-card__primary -->\n\t<div class=\"mdc-card__media single-post-card__media mdc-card__media--16-9 single-post-card-with-text-above-media\">\n\t\t<img loading=\"lazy\" decoding=\"async\" width=\"700\" height=\"507\" src=\"https:\/\/hegering-everswinkel.de\/wp-content\/uploads\/2025\/08\/Screenshot_20250829_172215_Adobe-Acrobat.jpg\" class=\"attachment-large size-large wp-post-image\" alt=\"\" srcset=\"https:\/\/hegering-everswinkel.de\/wp-content\/uploads\/2025\/08\/Screenshot_20250829_172215_Adobe-Acrobat.jpg 959w, https:\/\/hegering-everswinkel.de\/wp-content\/uploads\/2025\/08\/Screenshot_20250829_172215_Adobe-Acrobat-300x217.jpg 300w, https:\/\/hegering-everswinkel.de\/wp-content\/uploads\/2025\/08\/Screenshot_20250829_172215_Adobe-Acrobat-768x556.jpg 768w\" sizes=\"auto, (max-width: 700px) 100vw, 700px\" \/>\t\t\t<\/div> <!-- mdc-card__media -->\n\t<div class=\"single-post-card__secondary body-medium single-post-card__secondary-text-above-media\">\n\t\t<p>\n\t\t\tBunter Aktionstag mit wichtigem Auftrag Everswinkel &#8211; Hunderte G\u00e4ste genossen beim Jubil\u00e4umsfest des Hegerings Everswinkel auf dem Hof P\u00fcning ein [&hellip;]\t\t<\/p>\n\t<\/div> <!-- single-post-card__secondary -->\n\n\t\t\t<\/div> <!-- mdc-card__primary-action -->\n\t\t<\/a> <!-- mdc-card__link -->\n\n\t\t\n\t<\/div> <!-- single-post-card -->\n<\/div> <!-- mdc-layout-grid__cell--span-12 -->\n\n\t\t\t\n\t\t\t\t\n<div class=\"mdc-layout-grid__cell--span-6\">\n\t<div class=\"single-post-card single-post-basic mdc-card single-post-card__grid mdc-card-- has-post-thumbnail\">\n\t\t<a class=\"mdc-card__link\" href=\"https:\/\/hegering-everswinkel.de\/index.php\/2025\/08\/02\/reviergang-mit-kindern\/\">\n\t\t\t<div class=\"mdc-card__primary-action single-post-card__primary-action\">\n\t\t\t\t\n<div class=\"single-post-card__primary\">\n\t<h2 class=\"single-post-card__title title-large\">\n\t\t<div>Reviergang mit Kindern<\/div>\n\t<\/h2>\n\n\t\t\t<h3 class=\"single-post-card__subtitle label-small\">\n\t\t\t<time>\n\t\t\t02.08.2025\t\t\t<\/time>\n\t\t<\/h3>\n\t<\/div> <!-- single-post-card__primary -->\n\t<div class=\"mdc-card__media single-post-card__media mdc-card__media--16-9 single-post-card-with-text-above-media\">\n\t\t<img loading=\"lazy\" decoding=\"async\" width=\"700\" height=\"933\" src=\"https:\/\/hegering-everswinkel.de\/wp-content\/uploads\/2025\/08\/IMG-20250731-WA0016-768x1024.jpg\" class=\"attachment-large size-large wp-post-image\" alt=\"\" srcset=\"https:\/\/hegering-everswinkel.de\/wp-content\/uploads\/2025\/08\/IMG-20250731-WA0016-768x1024.jpg 768w, https:\/\/hegering-everswinkel.de\/wp-content\/uploads\/2025\/08\/IMG-20250731-WA0016-225x300.jpg 225w, https:\/\/hegering-everswinkel.de\/wp-content\/uploads\/2025\/08\/IMG-20250731-WA0016-1152x1536.jpg 1152w, https:\/\/hegering-everswinkel.de\/wp-content\/uploads\/2025\/08\/IMG-20250731-WA0016.jpg 1200w\" sizes=\"auto, (max-width: 700px) 100vw, 700px\" \/>\t\t\t<\/div> <!-- mdc-card__media -->\n\t<div class=\"single-post-card__secondary body-medium single-post-card__secondary-text-above-media\">\n\t\t<p>\n\t\t\tEVERSWINKEL. Der kleine Paul wei\u00df genau, wie J\u00e4ger begr\u00fc\u00dft werden. Mit einem forschen \u201eWaidmannsheil\u201c kam er gemeinsam mit seinem Vater [&hellip;]\t\t<\/p>\n\t<\/div> <!-- single-post-card__secondary -->\n\n\t\t\t<\/div> <!-- mdc-card__primary-action -->\n\t\t<\/a> <!-- mdc-card__link -->\n\n\t\t\n\t<\/div> <!-- single-post-card -->\n<\/div> <!-- mdc-layout-grid__cell--span-12 -->\n\n\t\t\t\n\t\t\t\t\n<div class=\"mdc-layout-grid__cell--span-6\">\n\t<div class=\"single-post-card single-post-basic mdc-card single-post-card__grid mdc-card-- has-post-thumbnail\">\n\t\t<a class=\"mdc-card__link\" href=\"https:\/\/hegering-everswinkel.de\/index.php\/2025\/05\/16\/rehgenuss-im-waldambiente\/\">\n\t\t\t<div class=\"mdc-card__primary-action single-post-card__primary-action\">\n\t\t\t\t\n<div class=\"single-post-card__primary\">\n\t<h2 class=\"single-post-card__title title-large\">\n\t\t<div>Rehgenuss im Waldambiente<\/div>\n\t<\/h2>\n\n\t\t\t<h3 class=\"single-post-card__subtitle label-small\">\n\t\t\t<time>\n\t\t\t16.05.2025\t\t\t<\/time>\n\t\t<\/h3>\n\t<\/div> <!-- single-post-card__primary -->\n\t<div class=\"mdc-card__media single-post-card__media mdc-card__media--16-9 single-post-card-with-text-above-media\">\n\t\t<img loading=\"lazy\" decoding=\"async\" width=\"700\" height=\"394\" src=\"https:\/\/hegering-everswinkel.de\/wp-content\/uploads\/2025\/05\/IMG-20250517-WA0068-1024x576.jpg\" class=\"attachment-large size-large wp-post-image\" alt=\"\" srcset=\"https:\/\/hegering-everswinkel.de\/wp-content\/uploads\/2025\/05\/IMG-20250517-WA0068-1024x576.jpg 1024w, https:\/\/hegering-everswinkel.de\/wp-content\/uploads\/2025\/05\/IMG-20250517-WA0068-300x169.jpg 300w, https:\/\/hegering-everswinkel.de\/wp-content\/uploads\/2025\/05\/IMG-20250517-WA0068-768x432.jpg 768w, https:\/\/hegering-everswinkel.de\/wp-content\/uploads\/2025\/05\/IMG-20250517-WA0068-1536x864.jpg 1536w, https:\/\/hegering-everswinkel.de\/wp-content\/uploads\/2025\/05\/IMG-20250517-WA0068.jpg 1600w\" sizes=\"auto, (max-width: 700px) 100vw, 700px\" \/>\t\t\t<\/div> <!-- mdc-card__media -->\n\t<div class=\"single-post-card__secondary body-medium single-post-card__secondary-text-above-media\">\n\t\t<p>\n\t\t\tWildkochkurs begeistert mit rustikalem Charme und feinen Aromen \u2013 Ein besonderer Duft lag am Freitagabend \u00fcber dem Gel\u00e4nde der Waldorfschule [&hellip;]\t\t<\/p>\n\t<\/div> <!-- single-post-card__secondary -->\n\n\t\t\t<\/div> <!-- mdc-card__primary-action -->\n\t\t<\/a> <!-- mdc-card__link -->\n\n\t\t\n\t<\/div> <!-- single-post-card -->\n<\/div> <!-- mdc-layout-grid__cell--span-12 -->\n\n\t\t\t\n\t\t\t\t\n<div class=\"mdc-layout-grid__cell--span-6\">\n\t<div class=\"single-post-card single-post-basic mdc-card single-post-card__grid mdc-card-- has-post-thumbnail\">\n\t\t<a class=\"mdc-card__link\" href=\"https:\/\/hegering-everswinkel.de\/index.php\/2025\/03\/25\/erfolgreiche-generalversammlung-mit-vielfaeltigem-programm\/\">\n\t\t\t<div class=\"mdc-card__primary-action single-post-card__primary-action\">\n\t\t\t\t\n<div class=\"single-post-card__primary\">\n\t<h2 class=\"single-post-card__title title-large\">\n\t\t<div>Erfolgreiche Generalversammlung mit vielf\u00e4ltigem Programm<\/div>\n\t<\/h2>\n\n\t\t\t<h3 class=\"single-post-card__subtitle label-small\">\n\t\t\t<time>\n\t\t\t25.03.2025\t\t\t<\/time>\n\t\t<\/h3>\n\t<\/div> <!-- single-post-card__primary -->\n\t<div class=\"mdc-card__media single-post-card__media mdc-card__media--16-9 single-post-card-with-text-above-media\">\n\t\t<img loading=\"lazy\" decoding=\"async\" width=\"700\" height=\"933\" src=\"https:\/\/hegering-everswinkel.de\/wp-content\/uploads\/2025\/03\/IMG-20250325-WA0003-768x1024.jpg\" class=\"attachment-large size-large wp-post-image\" alt=\"\" srcset=\"https:\/\/hegering-everswinkel.de\/wp-content\/uploads\/2025\/03\/IMG-20250325-WA0003-768x1024.jpg 768w, https:\/\/hegering-everswinkel.de\/wp-content\/uploads\/2025\/03\/IMG-20250325-WA0003-225x300.jpg 225w, https:\/\/hegering-everswinkel.de\/wp-content\/uploads\/2025\/03\/IMG-20250325-WA0003-1152x1536.jpg 1152w, https:\/\/hegering-everswinkel.de\/wp-content\/uploads\/2025\/03\/IMG-20250325-WA0003.jpg 1200w\" sizes=\"auto, (max-width: 700px) 100vw, 700px\" \/>\t\t\t<\/div> <!-- mdc-card__media -->\n\t<div class=\"single-post-card__secondary body-medium single-post-card__secondary-text-above-media\">\n\t\t<p>\n\t\t\tEverswinkel, 23. M\u00e4rz 2025 \u2013 Im Gasthof Diepenbrock fand am Sonntag die Generalversammlung des Hegering Everswinkel statt. Zahlreiche Mitglieder folgten [&hellip;]\t\t<\/p>\n\t<\/div> <!-- single-post-card__secondary -->\n\n\t\t\t<\/div> <!-- mdc-card__primary-action -->\n\t\t<\/a> <!-- mdc-card__link -->\n\n\t\t\n\t<\/div> <!-- single-post-card -->\n<\/div> <!-- mdc-layout-grid__cell--span-12 -->\n\n\t\t\t\n\t\t\t\t\n<div class=\"mdc-layout-grid__cell--span-6\">\n\t<div class=\"single-post-card single-post-basic mdc-card single-post-card__grid mdc-card-- has-post-thumbnail\">\n\t\t<a class=\"mdc-card__link\" href=\"https:\/\/hegering-everswinkel.de\/index.php\/2025\/03\/08\/gemeinsam-fuer-eine-saubere-umwelt-erfolgreiche-muellsammelaktion-in-everswinkel\/\">\n\t\t\t<div class=\"mdc-card__primary-action single-post-card__primary-action\">\n\t\t\t\t\n<div class=\"single-post-card__primary\">\n\t<h2 class=\"single-post-card__title title-large\">\n\t\t<div>Gemeinsam f\u00fcr eine saubere Umwelt: Erfolgreiche M\u00fcllsammelaktion in Everswinkel<\/div>\n\t<\/h2>\n\n\t\t\t<h3 class=\"single-post-card__subtitle label-small\">\n\t\t\t<time>\n\t\t\t08.03.2025\t\t\t<\/time>\n\t\t<\/h3>\n\t<\/div> <!-- single-post-card__primary -->\n\t<div class=\"mdc-card__media single-post-card__media mdc-card__media--16-9 single-post-card-with-text-above-media\">\n\t\t<img loading=\"lazy\" decoding=\"async\" width=\"700\" height=\"525\" src=\"https:\/\/hegering-everswinkel.de\/wp-content\/uploads\/2025\/03\/IMG-20250308-WA0026-1024x768.jpg\" class=\"attachment-large size-large wp-post-image\" alt=\"\" srcset=\"https:\/\/hegering-everswinkel.de\/wp-content\/uploads\/2025\/03\/IMG-20250308-WA0026-1024x768.jpg 1024w, https:\/\/hegering-everswinkel.de\/wp-content\/uploads\/2025\/03\/IMG-20250308-WA0026-300x225.jpg 300w, https:\/\/hegering-everswinkel.de\/wp-content\/uploads\/2025\/03\/IMG-20250308-WA0026-768x576.jpg 768w, https:\/\/hegering-everswinkel.de\/wp-content\/uploads\/2025\/03\/IMG-20250308-WA0026-1536x1152.jpg 1536w, https:\/\/hegering-everswinkel.de\/wp-content\/uploads\/2025\/03\/IMG-20250308-WA0026-2048x1536.jpg 2048w\" sizes=\"auto, (max-width: 700px) 100vw, 700px\" \/>\t\t\t<\/div> <!-- mdc-card__media -->\n\t<div class=\"single-post-card__secondary body-medium single-post-card__secondary-text-above-media\">\n\t\t<p>\n\t\t\tEverswinkel, 08. M\u00e4rz 2025 \u2013 Bei bestem Wetter versammelten sich am Samstagmorgen zahlreiche freiwillige Helfer zur j\u00e4hrlichen M\u00fcllsammelaktion in Everswinkel. [&hellip;]\t\t<\/p>\n\t<\/div> <!-- single-post-card__secondary -->\n\n\t\t\t<\/div> <!-- mdc-card__primary-action -->\n\t\t<\/a> <!-- mdc-card__link -->\n\n\t\t\n\t<\/div> <!-- single-post-card -->\n<\/div> <!-- mdc-layout-grid__cell--span-12 -->\n\n\t\t\t\n\t\t\t\t\n<div class=\"mdc-layout-grid__cell--span-6\">\n\t<div class=\"single-post-card single-post-basic mdc-card single-post-card__grid mdc-card-- has-post-thumbnail\">\n\t\t<a class=\"mdc-card__link\" href=\"https:\/\/hegering-everswinkel.de\/index.php\/2025\/02\/08\/2-taubentag-des-hegering-everswinkel-erfolgreiche-bejagung-und-geselliges-miteinander\/\">\n\t\t\t<div class=\"mdc-card__primary-action single-post-card__primary-action\">\n\t\t\t\t\n<div class=\"single-post-card__primary\">\n\t<h2 class=\"single-post-card__title title-large\">\n\t\t<div>2. Taubentag  \u2013 erfolgreiche Bejagung und geselliges Miteinander<\/div>\n\t<\/h2>\n\n\t\t\t<h3 class=\"single-post-card__subtitle label-small\">\n\t\t\t<time>\n\t\t\t08.02.2025\t\t\t<\/time>\n\t\t<\/h3>\n\t<\/div> <!-- single-post-card__primary -->\n\t<div class=\"mdc-card__media single-post-card__media mdc-card__media--16-9 single-post-card-with-text-above-media\">\n\t\t<img loading=\"lazy\" decoding=\"async\" width=\"700\" height=\"525\" src=\"https:\/\/hegering-everswinkel.de\/wp-content\/uploads\/2025\/02\/IMG-20250208-WA0029-1024x768.jpg\" class=\"attachment-large size-large wp-post-image\" alt=\"\" srcset=\"https:\/\/hegering-everswinkel.de\/wp-content\/uploads\/2025\/02\/IMG-20250208-WA0029-1024x768.jpg 1024w, https:\/\/hegering-everswinkel.de\/wp-content\/uploads\/2025\/02\/IMG-20250208-WA0029-300x225.jpg 300w, https:\/\/hegering-everswinkel.de\/wp-content\/uploads\/2025\/02\/IMG-20250208-WA0029-768x576.jpg 768w, https:\/\/hegering-everswinkel.de\/wp-content\/uploads\/2025\/02\/IMG-20250208-WA0029-1536x1152.jpg 1536w, https:\/\/hegering-everswinkel.de\/wp-content\/uploads\/2025\/02\/IMG-20250208-WA0029.jpg 2048w\" sizes=\"auto, (max-width: 700px) 100vw, 700px\" \/>\t\t\t<\/div> <!-- mdc-card__media -->\n\t<div class=\"single-post-card__secondary body-medium single-post-card__secondary-text-above-media\">\n\t\t<p>\n\t\t\tDer Hegering Everswinkel veranstaltete seinen zweiten Taubentag \u2013 eine wichtige Ma\u00dfnahme im Rahmen der jagdlichen Hege und nachhaltigen Bestandsregulierung. Mit [&hellip;]\t\t<\/p>\n\t<\/div> <!-- single-post-card__secondary -->\n\n\t\t\t<\/div> <!-- mdc-card__primary-action -->\n\t\t<\/a> <!-- mdc-card__link -->\n\n\t\t\n\t<\/div> <!-- single-post-card -->\n<\/div> <!-- mdc-layout-grid__cell--span-12 -->\n\n\t\t\t\n\t\t\t\t\t\t\n\t\t\t<\/div>\n<\/div>\n<\/div>","protected":false},"excerpt":{"rendered":"","protected":false},"author":1,"featured_media":0,"parent":0,"menu_order":0,"comment_status":"closed","ping_status":"closed","template":"","meta":{"material-hide-sections":[],"footnotes":""},"class_list":["post-106","page","type-page","status-publish","hentry"],"publishpress_future_action":{"enabled":false,"date":"2026-04-20 00:40:50","action":"change-status","newStatus":"draft","terms":[],"taxonomy":"","extraData":[]},"publishpress_future_workflow_manual_trigger":{"enabledWorkflows":[]},"_links":{"self":[{"href":"https:\/\/hegering-everswinkel.de\/index.php\/wp-json\/wp\/v2\/pages\/106","targetHints":{"allow":["GET"]}}],"collection":[{"href":"https:\/\/hegering-everswinkel.de\/index.php\/wp-json\/wp\/v2\/pages"}],"about":[{"href":"https:\/\/hegering-everswinkel.de\/index.php\/wp-json\/wp\/v2\/types\/page"}],"author":[{"embeddable":true,"href":"https:\/\/hegering-everswinkel.de\/index.php\/wp-json\/wp\/v2\/users\/1"}],"replies":[{"embeddable":true,"href":"https:\/\/hegering-everswinkel.de\/index.php\/wp-json\/wp\/v2\/comments?post=106"}],"version-history":[{"count":5,"href":"https:\/\/hegering-everswinkel.de\/index.php\/wp-json\/wp\/v2\/pages\/106\/revisions"}],"predecessor-version":[{"id":677,"href":"https:\/\/hegering-everswinkel.de\/index.php\/wp-json\/wp\/v2\/pages\/106\/revisions\/677"}],"wp:attachment":[{"href":"https:\/\/hegering-everswinkel.de\/index.php\/wp-json\/wp\/v2\/media?parent=106"}],"curies":[{"name":"wp","href":"https:\/\/api.w.org\/{rel}","templated":true}]}}